11*f. Calculate m(s).
2
Let b be (-81)/(-63) + (-2)/7. Suppose -b = -z + 2. Let m(j) = -3 - 2*j + z*j - 2*j - j. Give m(-4).
5
Suppose -w = w - 6. Suppose x + 3*z = -3 + 1, w*x + 3*z = 12. Suppose 3*t - 4*r = x*t - 28, -3 = -r. Let y(k) = -3*k + 6. Calculate y(t).
-6
Let b = -49 - -56. Suppose -5*g + 8 = -b. Let k(l) be the third derivative of -l**6/120 + l**5/15 + l**3/2 + 5*l**2. Calculate k(g).
12
Let v be ((3 - 4) + -6)/(-1). Suppose 3*c - 3*g - 20 = v, 5*g + 25 = c. Let q(o) = 3*o + 4. Let a(f) = -7*f - 8. Let p(s) = c*q(s) + 2*a(s). What is p(-6)?
-2
Let j = 7 - 12. Let k(g) be the second derivative of -92*g - g**3 - 1/12*g**4 + 0 - g**2. Give k(j).
3
Let x be -7 + 1 + (1 - 2)*2. Let z(q) = -q - 4. Calculate z(x).
4
Let j = 1540 + -1556. Let x(k) = 4*k + 65. What is x(j)?
1
Let h(z) = -z**2 - 7*z + 2. Let m be h(-7). Let r(l) = 4*l**2 - l**2 + 2*l - 2*l**m. Calculate r(-3).
3
Let j(u) = u**3 - 7*u**2 + 7*u + 1. Suppose 3*m + 32 = 5*m. Let v be (-5 - 15)*1/2. Let i = v + m. Determine j(i).
7
Let z = -7 + -89. Let a = z + 102. Let x(k) = -k**2 + 4*k + 6. Calculate x(a).
-6
Let h(b) = -1359*b - 1 + 1360*b + 13. Let t = 12 + -17. Determine h(t).
7
Let r(a) be the second derivative of -2*a**3/3 + 9*a**2 - 464*a. What is r(4)?
2
Let m(w) be the second derivative of -w**3/6 - 5*w**2 + w + 46. Let q(y) = y**2 + 7*y + 5. Let i be q(-4). Calculate m(i).
-3
Let i(m) = -m - 8. Let r be i(-13). Suppose -6 = -r*p + 3*p - n, -4 = n. Let z(w) = w - 5. What is z(p)?
0
Let k(p) be the third derivative of 1/6*p**4 + 0*p**3 + 0 + 0*p - 5*p**2 + 0*p**5 + 1/120*p**6. Let s(u) be the second derivative of k(u). What is s(3)?
18
Let n(z) = -z**2 - 4*z + 4*z**2 - 3 - 2*z**2. Suppose 0 = 6*j - 5*j + 1. Let a be n(j). Let m(u) = u**2 + 2*u. Give m(a).
8
Let k(p) be the second derivative of p**5/60 + p**4/8 - p**3/2 - 6*p**2 + 13*p. Let l(d) be the first derivative of k(d). Calculate l(-3).
-3
Let p(u) = u**3 - u**2 - 3*u + 5. Let i be p(2). Let c(g) = 5*g**3 - 10*g**3 - 6 - g + 6*g**i + 8*g**2 - 1. Determine c(-8).
1
Suppose -15*h = -18*h + 3. Let m(d) = 6. Let t(u) = u + 1. Let j(n) = h*m(n) - 6*t(n). Give j(-3).
18
Let r(u) = u**2 - 8*u + 1. Let v(g) = -g**2 + 8*g. Let y(j) = -5*r(j) - 4*v(j). Let q(t) = -t - 7. Let i be q(-10). Suppose -3*l + i = -15. Calculate y(l).
7
Suppose 0 = -4*q - q + 65. Suppose 5*r - 25 = 0, -2*f + q = f - r. Suppose f*z - 10 = z. Let i(m) = -4*m + 3. Calculate i(z).
-5
Let t(x) = -3*x**2 - 10*x - 2. Let q(u) = u**2 + 3*u + 1. Let a(k) = 11*q(k) + 4*t(k). Suppose 0 = 3*d + d + 8, -4*y - 20 = 2*d. What is a(y)?
15
Suppose -10 - 6 = -2*x + d, -x - 5*d - 3 = 0. Let l(q) = -4*q + 10. Calculate l(x).
-18
Let r(x) = -x - 1. Let m(p) = p + 4. Let j(w) = m(w) + 6*r(w). Suppose 0 = 5*t + 4*v + 120, 0*t = -2*t - 5*v - 48. Let k be 8/t - 10/6. Give j(k).
8
Let r(a) = 5*a**2 + 3*a - 1. Let q be r(-1). Let p(l) = -17*l**2. Calculate p(q).
-17
Suppose 2*o - 8 = -3*l, -5*o - 3*l + 29 = -0*l. Let z(d) = -7*d**2 + 10*d + 6. Let u(x) = -10*x**2 + 15*x + 9. Let c(g) = o*z(g) - 5*u(g). Determine c(5).
-3
Let b(v) = -14*v + 1. Suppose 0 = -r - 2*d - 8, 3*r + 3*d + 5 = -4. Give b(r).
-27
Let d(q) = q**3 + 4 + 0*q**3 - 12 - q. Let n = -19 + 22. Let b be (n + -3)*(-1)/(-2). Determine d(b).
-8
Let y(w) = w**2 - 10*w - 54. Let f be y(14). Let l(k) = -4*k. What is l(f)?
-8
Let y(c) be the second derivative of -2*c**2 - 12*c - 1/12*c**4 + 0 - 4/3*c**3. Let w = -12 + 6. Give y(w).
8
Let w(y) = -3*y**2 - 10*y - 2. Let n(j) = j**2 + j. Let g = -4 - -5. Suppose -5*t + 3*a = -29, 0 = 2*t + 4*a + 1 + 3. Let b(l) = g*w(l) + t*n(l). What is b(6)?
-2
Let p be (-2)/(-4) + (-1)/(-2). Let i(b) = 0 + b**2 + p - 2*b - b. Suppose 15*k + 10 = 70. Give i(k).
5
Let u be (-35)/28 - (-17)/4. Let i be (-1)/((-12)/33) + u/(-4). Let l(a) = -3*a**2 + 2*a. Calculate l(i).
-8
Let o = 3121/12 + -260. Let t(d) be the second derivative of 0 + 6*d + o*d**4 - 1/2*d**2 - 1/6*d**3. What is t(-3)?
11
Let y(w) = -w**3 + w**2 + w + 28. Suppose 349 - 349 = 8*l. Calculate y(l).
28
Let a(q) = 4*q + q + 0 - 8*q + 2 + 5*q. Suppose 3*s = 5*h + 32 - 5, 2*h - 2*s + 10 = 0. Give a(h).
-10
Let p be 5/(-1)*(2 - 1). Let v(w) be the first derivative of w**4/4 + 4*w**3/3 - 3*w**2 + 5*w + 217. Calculate v(p).
10
Let j(c) = -8 + 14 - 17*c**2 + c + 18*c**2 + 10 + 12. Calculate j(0).
28
Let x = 72 + -78. Let i(y) = 26*y**3 + 14*y**2 - 14*y + 3. Let h(n) = -9*n**3 - 5*n**2 + 5*n - 1. Let v(r) = x*i(r) - 17*h(r). What is v(-1)?
4
Let y(s) = 7*s**2 - 3*s - 7. Let x(f) = 6*f**2 - 2*f - 6. Let t(w) = -5*x(w) + 4*y(w). Let c(v) = v**2. Let g(u) = c(u) - t(u). Determine g(-2).
6
Let r = -392 + 388. Let m(a) = a**3 + 4*a**2 - 3*a - 4. Determine m(r).
8
Let m = -5 - -11. Let j(v) be the third derivative of 0*v - 1/3*v**3 - 2*v**2 + 1/24*v**4 + 0. What is j(m)?
4
Let p(y) be the first derivative of y**2 + 13*y + 90. Calculate p(-9).
-5
Suppose -3*j - 20 = -2. Let x(v) = -1. Let c(d) = d - 2. Let s(o) = j*x(o) + c(o). What is s(0)?
4
Let w(k) = -k**3 - k + 6. Suppose -2*g - z + 5*z + 20 = 0, -5*g + 2*z + 10 = 0. Calculate w(g).
6
Let y(m) = 7*m - 3. Suppose 22*r - 27*r + 30 = 0. What is y(r)?
39
Let z(m) = 29 + 14*m + 6 + m**2 - 27. Calculate z(-9).
-37
Let j(g) be the third derivative of -11*g**5/60 - g**4/24 - g**3/6 - 10*g**2. Let b = 8 - 9. Give j(b).
-11
Suppose 5*a = 4*s + 15, -3*a + s + 21 = 12. Let x(l) = 6*l + 3. Determine x(a).
21
Let j(b) = b + 1. Suppose -3*q - i = -6, 0 = q - 5*q - 5*i - 3. Let m be q - (-7)/((-21)/(-6)). Give j(m).
6
Let k(n) = -n**3 - 8*n**2 + 8*n - 10. Let m be (5/10)/((-2)/36). What is k(m)?
-1
Let g(r) = 3 + 0 - 4 + 4*r + 4. Let x = -118 + 114. Determine g(x).
-13
Let f be (-1)/(-2)*-1 - 480/192. Let b(g) = g + 4. Calculate b(f).
1
Let c be ((-3)/(-5))/((-2)/(-10)). Let u(z) = 2*z**2 + 9321912*z - z**2 - 4 - 9321914*z. Give u(c).
-1
Let x(r) = -2*r + 19. Let h be x(9). Let w(t) = 4*t + h + 8*t - 4*t + 0. Suppose o - 2*o + 2 = -4*y, 9 = y - 5*o. Determine w(y).
-7
Suppose 3*f - 45 = -5*a, -2*f + 1 + 3 = -a. Let s(k) = -k**3 + 7*k**2 - 4*k - 8. Let b be s(6). Let j(x) = 0 - b + 4*x**2 - 5*x**2 + 7*x. What is j(a)?
2
Suppose 2*s - 1 = 1. Let g(z) = -z**2 - 12*z - 6. Let d(w) = -w. Let b(x) = s*g(x) - 5*d(x). Let a = -2297 - -2290. What is b(a)?
-6
Let j(v) = -v**2 - 6*v + 2. Let h(i) = 0*i**2 + 3*i + i - 7*i + 6 + 9*i**2 + 2*i**3. Let x be h(-5). Let p be ((-6)/x)/(3/(-14)). Calculate j(p).
-5
Let x(a) = -2*a - 1. Let r be (((-20)/16)/(-1))/(2/8). Suppose -11*t = 3*c - 7*t + r, -2*c = -t + 7. What is x(c)?
5
Suppose 5*h - 16 = -11. Let f(a) = -5*a**3 + a**2 - a + 1. What is f(h)?
-4
Let g(c) = c**2 + 19*c + 21. Let m be g(-18). Let f be (m/9)/((-2)/12). Let i be 6/4*(f - -6). Let p(l) = -2*l + 9. What is p(i)?
-3
Let a(d) = d**2 - 6*d + 2. Let b be a(6). Let f = 1 + b. Let r(o) = -2 - f - o - o**2 + 4. Determine r(-1).
-1
Let w = 3 - 0. Let m(z) be the second derivative of z**5/20 - z**4/6 + 1796*z. Give m(w).
9
Let k(p) = p - 10. Let u be k(8). Let c(j) = -j + 1. Calculate c(u).
3
Let k(f) = -2*f**2 + 4*f + 2. Let o(u) = 4*u**2 - 8*u - 3. Let t(j) = 5*k(j) + 2*o(j). What is t(-3)?
-26
Suppose -20 = 4*a, 5*p - a = -4*a + 5. Suppose d - p = -d. Let k(h) = 4*h**d + 1 - 3*h**2 + 11*h**3 - 2*h**2. Give k(-1).
-11
Let i = 3 - 8. Let g(d) = -2*d**3 - 3*d**2 + 13*d - 11. Let w(x) = x**3 + x**2 - 7*x + 6. Let h(o) = -3*g(o) - 5*w(o). Determine h(i).
-2
Let d = -24 - -25. Let j be (-6)/9*6/(-4). Let h(z) = -6 + d + 4*z - j - 3*z. Determine h(3).
-3
Let o(a) = 7 + 1 - 2*a - 2. Let x = 65 + -60. Suppose x*l + 9 = 39. Determine o(l).
-6
Let v(i) = i**2 - 6*i + 1. Let l be (-2)/3 - (-156)/18. Let b = -27 - -24. Let g = b + l. Determine v(g).
-4
Suppose 5*x + 133 = 28. Let p = 11 - x. Suppose 0 = -4*v - 3*b - 8, 2*v + 2*v + p = 3*b. Let m(c) = -4*c - 6. Calculate m(v).
14
Let z(i) = -i + 7. Suppose 12*d = -307 - 209. Let s = 43 + d. What is z(s)?
7
Let m(t) = t**3 + t**2 + t + 2. Let s = -1320 + 1316. What is m(s)?
-50
Let f be (-1 + (-1)/1)*1. Let l(c) = -16*c**2 - 14*c - 2. Let q(t) = 18*t**2 + 16*t + 2. Let u(b) = -6*l(b) - 5*q(b). Calculate u(f).
18
Let i = 134 - 14. Let b be (6/(-8))/((-5)/(i/9)). Let q(h) be the first derivative of h**2/2 - 2. Determine q(b).
2
Let b(o) be the second derivative of o